{"id":25504,"date":"2025-10-04T09:37:42","date_gmt":"2025-10-04T06:37:42","guid":{"rendered":"https:\/\/diagnozabam.ro\/sfaturi\/?page_id=25504"},"modified":"2026-02-10T08:23:05","modified_gmt":"2026-02-10T06:23:05","slug":"despre-diagnozabam","status":"publish","type":"page","link":"https:\/\/diagnozabam.ro\/sfaturi\/ro\/despre-diagnozabam\/","title":{"rendered":"Despre DiagnozaBAM.ro \u2013 publica\u021bie auto &#038; tech independent\u0103"},"content":{"rendered":"<p data-start=\"638\" data-end=\"1051\"><strong data-start=\"638\" data-end=\"656\">DiagnozaBAM.ro<\/strong> este o publica\u021bie online independent\u0103 din Rom\u00e2nia, dedicat\u0103 analizei tehnice, \u0219tirilor \u0219i tendin\u021belor din domeniul auto \u0219i tehnologic.<br data-start=\"791\" data-end=\"794\" \/>Sec\u021biunea activ\u0103 a platformei, <strong data-start=\"825\" data-end=\"885\"><a class=\"decorated-link\" href=\"https:\/\/diagnozabam.ro\/sfaturi\" target=\"_new\" rel=\"noopener\" data-start=\"827\" data-end=\"883\">diagnozabam.ro\/sfaturi<\/a><\/strong>, func\u021bioneaz\u0103 ca un hub editorial \u00een care sunt publicate articole explicative, ghiduri detaliate, recenzii \u0219i opinii informate despre evolu\u021bia tehnologiilor moderne.<\/p>\n<p data-start=\"1053\" data-end=\"1313\">N\u0103scut din pasiune pentru sistemele auto contemporane, diagnoz\u0103 electronic\u0103 \u0219i inova\u021biile din domeniul mobilit\u0103\u021bii, <strong data-start=\"1169\" data-end=\"1187\">DiagnozaBAM.ro<\/strong> \u00ee\u0219i propune s\u0103 aduc\u0103 informa\u021bia tehnic\u0103 mai aproape de cititorul obi\u0219nuit \u2014 printr-un limbaj clar, documentat \u0219i accesibil.<\/p>\n<p data-start=\"1315\" data-end=\"1611\">Publica\u021bia urm\u0103re\u0219te s\u0103 construiasc\u0103 o <strong data-start=\"1354\" data-end=\"1404\">punte \u00eentre speciali\u0219ti \u0219i utilizatorii finali<\/strong>, oferind explica\u021bii simple pentru fenomene complexe: de la func\u021bionarea ECU-urilor \u0219i interpretarea codurilor OBD2, p\u00e2n\u0103 la noile tehnologii de propulsie electric\u0103 sau tendin\u021bele \u00een siguran\u021ba vehiculelor.<\/p>\n<p data-start=\"1613\" data-end=\"2007\">Toate materialele publicate sunt redactate \u00eentr-un <strong data-start=\"1664\" data-end=\"1695\">stil jurnalistic echilibrat<\/strong>, bazat pe experien\u021b\u0103 practic\u0103, documentare din surse oficiale \u0219i verificare editorial\u0103.<br data-start=\"1783\" data-end=\"1786\" \/>Ne definim prin <strong data-start=\"1802\" data-end=\"1852\">independen\u021b\u0103, transparen\u021b\u0103 \u0219i responsabilitate<\/strong>. Nu avem afiliere politic\u0103 sau influen\u021be comerciale ascunse. Con\u021binutul este realizat exclusiv \u00een scop informativ \u0219i educativ, f\u0103r\u0103 distorsiuni de opinie.<\/p>\n<hr data-start=\"2009\" data-end=\"2012\" \/>\n<h3 data-start=\"2014\" data-end=\"2041\">\ud83d\udd38 <strong data-start=\"2021\" data-end=\"2041\">Misiunea noastr\u0103<\/strong><\/h3>\n<p data-start=\"2043\" data-end=\"2333\">S\u0103 oferim <strong data-start=\"2053\" data-end=\"2084\">con\u021binut tehnic de calitate<\/strong>, educativ \u0219i aplicabil, care s\u0103 inspire \u00eencredere \u0219i s\u0103-i ajute pe cititori s\u0103 \u00een\u021beleag\u0103 mai bine tehnologiile moderne.<br data-start=\"2204\" data-end=\"2207\" \/>Ne dorim ca fiecare articol s\u0103 fie o surs\u0103 de \u00eenv\u0103\u021bare, dar \u0219i o experien\u021b\u0103 de lectur\u0103 pl\u0103cut\u0103, bazat\u0103 pe pasiune \u0219i precizie.<\/p>\n<hr data-start=\"2335\" data-end=\"2338\" \/>\n<h3 data-start=\"2340\" data-end=\"2359\">\ud83d\udd38 <strong data-start=\"2347\" data-end=\"2359\">Viziunea<\/strong><\/h3>\n<p data-start=\"2361\" data-end=\"2576\">S\u0103 transform\u0103m <strong data-start=\"2376\" data-end=\"2394\">DiagnozaBAM.ro<\/strong> \u00eentr-una dintre cele mai respectate \u0219i citate surse independente de informare auto &amp; tech din Rom\u00e2nia \u2014 un reper pentru \u0219oferi, tehnicieni, pasiona\u021bi \u0219i profesioni\u0219ti din industrie.<\/p>\n<hr data-start=\"2578\" data-end=\"2581\" \/>\n<h3 data-start=\"2583\" data-end=\"2610\">\ud83d\udd38 <strong data-start=\"2590\" data-end=\"2610\">Valorile noastre<\/strong><\/h3>\n<ul data-start=\"2612\" data-end=\"2913\">\n<li data-start=\"2612\" data-end=\"2669\">\n<p data-start=\"2614\" data-end=\"2669\"><strong data-start=\"2614\" data-end=\"2627\">Claritate<\/strong> \u2013 explic\u0103m simplu, f\u0103r\u0103 limbaj de lemn;<\/p>\n<\/li>\n<li data-start=\"2670\" data-end=\"2729\">\n<p data-start=\"2672\" data-end=\"2729\"><strong data-start=\"2672\" data-end=\"2689\">Corectitudine<\/strong> \u2013 toate informa\u021biile sunt verificate;<\/p>\n<\/li>\n<li data-start=\"2730\" data-end=\"2788\">\n<p data-start=\"2732\" data-end=\"2788\"><strong data-start=\"2732\" data-end=\"2748\">Transparen\u021b\u0103<\/strong> \u2013 fiecare articol are autor \u0219i surs\u0103;<\/p>\n<\/li>\n<li data-start=\"2789\" data-end=\"2850\">\n<p data-start=\"2791\" data-end=\"2850\"><strong data-start=\"2791\" data-end=\"2807\">Independen\u021b\u0103<\/strong> \u2013 f\u0103r\u0103 influen\u021be politice sau <a href=\"https:\/\/diagnozabam.ro\/sfaturi\/ro\/blog\/masini-economice-pentru-incepatori-top-real-2025\/\">economice<\/a>;<\/p>\n<\/li>\n<li data-start=\"2851\" data-end=\"2913\">\n<p data-start=\"2853\" data-end=\"2913\"><strong data-start=\"2853\" data-end=\"2874\">Educa\u021bie continu\u0103<\/strong> \u2013 cre\u0219tem \u00eempreun\u0103 cu publicul nostru.<\/p>\n<\/li>\n<\/ul>\n<hr data-start=\"2915\" data-end=\"2918\" \/>\n<p data-start=\"2920\" data-end=\"3193\"><strong data-start=\"2923\" data-end=\"2946\">Editor responsabil:<\/strong> Bejenaru Alexandru-Ionu\u021b \u2013 coordonator editorial DiagnozaBAM.ro<br data-start=\"2971\" data-end=\"2974\" \/>\ud83d\udce7 <strong data-start=\"2977\" data-end=\"2998\">Contact redac\u021bie:<\/strong> <a class=\"decorated-link cursor-pointer\" rel=\"noopener\" data-start=\"2999\" data-end=\"3022\">redactie@diagnozabam.ro<\/a><br data-start=\"3022\" data-end=\"3025\" \/>\ud83c\udf10 <strong data-start=\"3028\" data-end=\"3048\">Website oficial:<\/strong> <a class=\"decorated-link\" href=\"https:\/\/diagnozabam.ro\" target=\"_new\" rel=\"noopener\" data-start=\"3049\" data-end=\"3097\">https:\/\/diagnozabam.ro<\/a><br data-start=\"3097\" data-end=\"3100\" \/>\ud83d\uddde\ufe0f <strong data-start=\"3104\" data-end=\"3128\">Sec\u021biune editorial\u0103:<\/strong> <a class=\"decorated-link\" href=\"https:\/\/diagnozabam.ro\/sfaturi\" target=\"_new\" rel=\"noopener\" data-start=\"3129\" data-end=\"3193\">https:\/\/diagnozabam.ro\/sfaturi<\/a><\/p>\n<hr data-start=\"3195\" data-end=\"3198\" \/>\n<p data-start=\"3200\" data-end=\"3387\">\u00a9 2023-2026 <strong data-start=\"3207\" data-end=\"3225\">DiagnozaBAM.ro<\/strong> \u2013 Publica\u021bie online auto &amp; tech independent\u0103.<br data-start=\"3271\" data-end=\"3274\" \/>Reproducerea con\u021binutului este permis\u0103 doar cu men\u021bionarea clar\u0103 a sursei \u0219i link activ c\u0103tre articolul original.<\/p>\n","protected":false},"excerpt":{"rendered":"<p>DiagnozaBAM.ro este o publica\u021bie online independent\u0103 din Rom\u00e2nia, dedicat\u0103 analizei tehnice, \u0219tirilor \u0219i tendin\u021belor din domeniul auto \u0219i tehnologic.Sec\u021biunea activ\u0103 a platformei, diagnozabam.ro\/sfaturi, func\u021bioneaz\u0103 ca un hub editorial \u00een care sunt publicate articole explicative, ghiduri detaliate, recenzii \u0219i opinii informate despre evolu\u021bia tehnologiilor moderne. N\u0103scut din pasiune pentru sistemele auto contemporane, diagnoz\u0103 electronic\u0103 \u0219i inova\u021biile [&hellip;]<\/p>\n","protected":false},"author":1,"featured_media":0,"parent":0,"menu_order":0,"comment_status":"closed","ping_status":"closed","template":"","meta":{"_sitemap_exclude":false,"_sitemap_priority":"","_sitemap_frequency":"","footnotes":""},"class_list":["post-25504","page","type-page","status-publish","hentry"],"yoast_head":"<!-- This site is optimized with the Yoast SEO Premium plugin v26.2 (Yoast SEO v27.4) - https:\/\/yoast.com\/product\/yoast-seo-premium-wordpress\/ -->\n<title>Despre DiagnozaBAM.ro \u2013 publica\u021bie auto &amp; tech independent\u0103 - Diagnoza BAM<\/title>\n<meta name=\"robots\" content=\"index, follow, max-snippet:-1, max-image-preview:large, max-video-preview:-1\" \/>\n<link rel=\"canonical\" href=\"https:\/\/diagnozabam.ro\/sfaturi\/ro\/despre-diagnozabam\/\" \/>\n<meta property=\"og:locale\" content=\"ro_RO\" \/>\n<meta property=\"og:type\" content=\"article\" \/>\n<meta property=\"og:title\" content=\"Despre DiagnozaBAM.ro \u2013 publica\u021bie auto &amp; tech independent\u0103\" \/>\n<meta property=\"og:description\" content=\"DiagnozaBAM.ro este o publica\u021bie online independent\u0103 din Rom\u00e2nia, dedicat\u0103 analizei tehnice, \u0219tirilor \u0219i tendin\u021belor din domeniul auto \u0219i tehnologic.Sec\u021biunea activ\u0103 a platformei, diagnozabam.ro\/sfaturi, func\u021bioneaz\u0103 ca un hub editorial \u00een care sunt publicate articole explicative, ghiduri detaliate, recenzii \u0219i opinii informate despre evolu\u021bia tehnologiilor moderne. N\u0103scut din pasiune pentru sistemele auto contemporane, diagnoz\u0103 electronic\u0103 \u0219i inova\u021biile [&hellip;]\" \/>\n<meta property=\"og:url\" content=\"https:\/\/diagnozabam.ro\/sfaturi\/ro\/despre-diagnozabam\/\" \/>\n<meta property=\"og:site_name\" content=\"Diagnoza BAM\" \/>\n<meta property=\"article:publisher\" content=\"https:\/\/www.facebook.com\/diagnozabam\" \/>\n<meta property=\"article:modified_time\" content=\"2026-02-10T06:23:05+00:00\" \/>\n<meta property=\"og:image\" content=\"https:\/\/diagnozabam.ro\/sfaturi\/wp-content\/uploads\/2025\/11\/logo_diagnoza_bam_imagine-scaled.webp\" \/>\n\t<meta property=\"og:image:width\" content=\"2560\" \/>\n\t<meta property=\"og:image:height\" content=\"2560\" \/>\n\t<meta property=\"og:image:type\" content=\"image\/png\" \/>\n<meta name=\"twitter:card\" content=\"summary_large_image\" \/>\n<meta name=\"twitter:label1\" content=\"Timp estimat pentru citire\" \/>\n\t<meta name=\"twitter:data1\" content=\"2 minute\" \/>\n<script type=\"application\/ld+json\" class=\"yoast-schema-graph\">{\"@context\":\"https:\\\/\\\/schema.org\",\"@graph\":[{\"@type\":\"WebPage\",\"@id\":\"https:\\\/\\\/diagnozabam.ro\\\/sfaturi\\\/ro\\\/despre-diagnozabam\\\/\",\"url\":\"https:\\\/\\\/diagnozabam.ro\\\/sfaturi\\\/ro\\\/despre-diagnozabam\\\/\",\"name\":\"Despre DiagnozaBAM.ro \u2013 publica\u021bie auto & tech independent\u0103 - Diagnoza BAM\",\"isPartOf\":{\"@id\":\"https:\\\/\\\/diagnozabam.ro\\\/sfaturi\\\/#website\"},\"datePublished\":\"2025-10-04T06:37:42+00:00\",\"dateModified\":\"2026-02-10T06:23:05+00:00\",\"breadcrumb\":{\"@id\":\"https:\\\/\\\/diagnozabam.ro\\\/sfaturi\\\/ro\\\/despre-diagnozabam\\\/#breadcrumb\"},\"inLanguage\":\"ro-RO\",\"potentialAction\":[{\"@type\":\"ReadAction\",\"target\":[\"https:\\\/\\\/diagnozabam.ro\\\/sfaturi\\\/ro\\\/despre-diagnozabam\\\/\"]}]},{\"@type\":\"BreadcrumbList\",\"@id\":\"https:\\\/\\\/diagnozabam.ro\\\/sfaturi\\\/ro\\\/despre-diagnozabam\\\/#breadcrumb\",\"itemListElement\":[{\"@type\":\"ListItem\",\"position\":1,\"name\":\"Home\",\"item\":\"https:\\\/\\\/diagnozabam.ro\\\/sfaturi\\\/\"},{\"@type\":\"ListItem\",\"position\":2,\"name\":\"Despre DiagnozaBAM.ro \u2013 publica\u021bie auto &#038; tech independent\u0103\"}]},{\"@type\":\"WebSite\",\"@id\":\"https:\\\/\\\/diagnozabam.ro\\\/sfaturi\\\/#website\",\"url\":\"https:\\\/\\\/diagnozabam.ro\\\/sfaturi\\\/\",\"name\":\"Diagnoza BAM\",\"description\":\"Independent Auto Diagnostics, Tech Analysis and Smart Insights\",\"publisher\":{\"@id\":\"https:\\\/\\\/diagnozabam.ro\\\/sfaturi\\\/#organization\"},\"alternateName\":\"DBAM\",\"potentialAction\":[{\"@type\":\"SearchAction\",\"target\":{\"@type\":\"EntryPoint\",\"urlTemplate\":\"https:\\\/\\\/diagnozabam.ro\\\/sfaturi\\\/?s={search_term_string}\"},\"query-input\":{\"@type\":\"PropertyValueSpecification\",\"valueRequired\":true,\"valueName\":\"search_term_string\"}}],\"inLanguage\":\"ro-RO\"},{\"@type\":\"Organization\",\"@id\":\"https:\\\/\\\/diagnozabam.ro\\\/sfaturi\\\/#organization\",\"name\":\"Diagnoza BAM\",\"alternateName\":\"DBAM\",\"url\":\"https:\\\/\\\/diagnozabam.ro\\\/sfaturi\\\/\",\"logo\":{\"@type\":\"ImageObject\",\"inLanguage\":\"ro-RO\",\"@id\":\"https:\\\/\\\/diagnozabam.ro\\\/sfaturi\\\/#\\\/schema\\\/logo\\\/image\\\/\",\"url\":\"https:\\\/\\\/diagnozabam.ro\\\/sfaturi\\\/wp-content\\\/uploads\\\/2025\\\/11\\\/logo-diagnoza-bam-imagine.webp\",\"contentUrl\":\"https:\\\/\\\/diagnozabam.ro\\\/sfaturi\\\/wp-content\\\/uploads\\\/2025\\\/11\\\/logo-diagnoza-bam-imagine.webp\",\"width\":512,\"height\":512,\"caption\":\"Diagnoza BAM\"},\"image\":{\"@id\":\"https:\\\/\\\/diagnozabam.ro\\\/sfaturi\\\/#\\\/schema\\\/logo\\\/image\\\/\"},\"sameAs\":[\"https:\\\/\\\/www.facebook.com\\\/diagnozabam\",\"https:\\\/\\\/mastodon.social\\\/@diagnozabam\",\"https:\\\/\\\/bsky.app\\\/profile\\\/did:plc:f4cmgfa3nv33bch7p3wgwchr\",\"https:\\\/\\\/www.tumblr.com\\\/diagbam\"],\"description\":\"Independent publishing platform focused on automotive diagnostics, OBD2 analysis, repair cost breakdowns, technology insights and practical technical guides.\",\"email\":\"redactie@diagnozabam.ro\",\"foundingDate\":\"2023-02-16\"}]}<\/script>\n<!-- \/ Yoast SEO Premium plugin. -->","yoast_head_json":{"title":"Despre DiagnozaBAM.ro \u2013 publica\u021bie auto & tech independent\u0103 - Diagnoza BAM","robots":{"index":"index","follow":"follow","max-snippet":"max-snippet:-1","max-image-preview":"max-image-preview:large","max-video-preview":"max-video-preview:-1"},"canonical":"https:\/\/diagnozabam.ro\/sfaturi\/ro\/despre-diagnozabam\/","og_locale":"ro_RO","og_type":"article","og_title":"Despre DiagnozaBAM.ro \u2013 publica\u021bie auto & tech independent\u0103","og_description":"DiagnozaBAM.ro este o publica\u021bie online independent\u0103 din Rom\u00e2nia, dedicat\u0103 analizei tehnice, \u0219tirilor \u0219i tendin\u021belor din domeniul auto \u0219i tehnologic.Sec\u021biunea activ\u0103 a platformei, diagnozabam.ro\/sfaturi, func\u021bioneaz\u0103 ca un hub editorial \u00een care sunt publicate articole explicative, ghiduri detaliate, recenzii \u0219i opinii informate despre evolu\u021bia tehnologiilor moderne. N\u0103scut din pasiune pentru sistemele auto contemporane, diagnoz\u0103 electronic\u0103 \u0219i inova\u021biile [&hellip;]","og_url":"https:\/\/diagnozabam.ro\/sfaturi\/ro\/despre-diagnozabam\/","og_site_name":"Diagnoza BAM","article_publisher":"https:\/\/www.facebook.com\/diagnozabam","article_modified_time":"2026-02-10T06:23:05+00:00","og_image":[{"width":2560,"height":2560,"url":"https:\/\/diagnozabam.ro\/sfaturi\/wp-content\/uploads\/2025\/11\/logo_diagnoza_bam_imagine-scaled.webp","type":"image\/png"}],"twitter_card":"summary_large_image","twitter_misc":{"Timp estimat pentru citire":"2 minute"},"schema":{"@context":"https:\/\/schema.org","@graph":[{"@type":"WebPage","@id":"https:\/\/diagnozabam.ro\/sfaturi\/ro\/despre-diagnozabam\/","url":"https:\/\/diagnozabam.ro\/sfaturi\/ro\/despre-diagnozabam\/","name":"Despre DiagnozaBAM.ro \u2013 publica\u021bie auto & tech independent\u0103 - Diagnoza BAM","isPartOf":{"@id":"https:\/\/diagnozabam.ro\/sfaturi\/#website"},"datePublished":"2025-10-04T06:37:42+00:00","dateModified":"2026-02-10T06:23:05+00:00","breadcrumb":{"@id":"https:\/\/diagnozabam.ro\/sfaturi\/ro\/despre-diagnozabam\/#breadcrumb"},"inLanguage":"ro-RO","potentialAction":[{"@type":"ReadAction","target":["https:\/\/diagnozabam.ro\/sfaturi\/ro\/despre-diagnozabam\/"]}]},{"@type":"BreadcrumbList","@id":"https:\/\/diagnozabam.ro\/sfaturi\/ro\/despre-diagnozabam\/#breadcrumb","itemListElement":[{"@type":"ListItem","position":1,"name":"Home","item":"https:\/\/diagnozabam.ro\/sfaturi\/"},{"@type":"ListItem","position":2,"name":"Despre DiagnozaBAM.ro \u2013 publica\u021bie auto &#038; tech independent\u0103"}]},{"@type":"WebSite","@id":"https:\/\/diagnozabam.ro\/sfaturi\/#website","url":"https:\/\/diagnozabam.ro\/sfaturi\/","name":"Diagnoza BAM","description":"Independent Auto Diagnostics, Tech Analysis and Smart Insights","publisher":{"@id":"https:\/\/diagnozabam.ro\/sfaturi\/#organization"},"alternateName":"DBAM","potentialAction":[{"@type":"SearchAction","target":{"@type":"EntryPoint","urlTemplate":"https:\/\/diagnozabam.ro\/sfaturi\/?s={search_term_string}"},"query-input":{"@type":"PropertyValueSpecification","valueRequired":true,"valueName":"search_term_string"}}],"inLanguage":"ro-RO"},{"@type":"Organization","@id":"https:\/\/diagnozabam.ro\/sfaturi\/#organization","name":"Diagnoza BAM","alternateName":"DBAM","url":"https:\/\/diagnozabam.ro\/sfaturi\/","logo":{"@type":"ImageObject","inLanguage":"ro-RO","@id":"https:\/\/diagnozabam.ro\/sfaturi\/#\/schema\/logo\/image\/","url":"https:\/\/diagnozabam.ro\/sfaturi\/wp-content\/uploads\/2025\/11\/logo-diagnoza-bam-imagine.webp","contentUrl":"https:\/\/diagnozabam.ro\/sfaturi\/wp-content\/uploads\/2025\/11\/logo-diagnoza-bam-imagine.webp","width":512,"height":512,"caption":"Diagnoza BAM"},"image":{"@id":"https:\/\/diagnozabam.ro\/sfaturi\/#\/schema\/logo\/image\/"},"sameAs":["https:\/\/www.facebook.com\/diagnozabam","https:\/\/mastodon.social\/@diagnozabam","https:\/\/bsky.app\/profile\/did:plc:f4cmgfa3nv33bch7p3wgwchr","https:\/\/www.tumblr.com\/diagbam"],"description":"Independent publishing platform focused on automotive diagnostics, OBD2 analysis, repair cost breakdowns, technology insights and practical technical guides.","email":"redactie@diagnozabam.ro","foundingDate":"2023-02-16"}]}},"lang":"ro","translations":{"ro":25504,"en":25512},"jetpack-related-posts":[{"id":25505,"url":"https:\/\/diagnozabam.ro\/sfaturi\/ro\/politica-editoriala-diagnozabam-ro\/","url_meta":{"origin":25504,"position":0},"title":"Politica editorial\u0103 \u2013 DiagnozaBAM.ro","author":"Bejenaru Alexandru Ionut","date":"4 octombrie 2025","format":false,"excerpt":"Publica\u021bia DiagnozaBAM.ro este ghidat\u0103 de principiile transparen\u021bei, corectitudinii \u0219i responsabilit\u0103\u021bii editoriale.Credem c\u0103 informa\u021bia de calitate \u00eenseamn\u0103 nu doar prezentarea corect\u0103 a faptelor, ci \u0219i respectul fa\u021b\u0103 de cititor, fa\u021b\u0103 de adev\u0103r \u0219i fa\u021b\u0103 de munca editorial\u0103. Scopul nostru este s\u0103 oferim publicului articole bazate pe documentare atent\u0103, analiz\u0103 obiectiv\u0103 \u0219i\u2026","rel":"","context":"Articol similar","block_context":{"text":"Articol similar","link":""},"img":{"alt_text":"Logo Diagnoza Bam Imagine","src":"https:\/\/i0.wp.com\/diagnozabam.ro\/sfaturi\/wp-content\/uploads\/2025\/11\/logo_diagnoza_bam_imagine-scaled.webp?resize=350%2C200&ssl=1","width":350,"height":200,"srcset":"https:\/\/i0.wp.com\/diagnozabam.ro\/sfaturi\/wp-content\/uploads\/2025\/11\/logo_diagnoza_bam_imagine-scaled.webp?resize=350%2C200&ssl=1 1x, https:\/\/i0.wp.com\/diagnozabam.ro\/sfaturi\/wp-content\/uploads\/2025\/11\/logo_diagnoza_bam_imagine-scaled.webp?resize=525%2C300&ssl=1 1.5x, https:\/\/i0.wp.com\/diagnozabam.ro\/sfaturi\/wp-content\/uploads\/2025\/11\/logo_diagnoza_bam_imagine-scaled.webp?resize=700%2C400&ssl=1 2x, https:\/\/i0.wp.com\/diagnozabam.ro\/sfaturi\/wp-content\/uploads\/2025\/11\/logo_diagnoza_bam_imagine-scaled.webp?resize=1050%2C600&ssl=1 3x, https:\/\/i0.wp.com\/diagnozabam.ro\/sfaturi\/wp-content\/uploads\/2025\/11\/logo_diagnoza_bam_imagine-scaled.webp?resize=1400%2C800&ssl=1 4x"},"classes":[]},{"id":19592,"url":"https:\/\/diagnozabam.ro\/sfaturi\/ro\/despre-noi\/","url_meta":{"origin":25504,"position":1},"title":"Despre autor \u2013 Bejenaru Alexandru Ionu\u021b","author":"Bejenaru Alexandru Ionut","date":"3 iunie 2025","format":false,"excerpt":"Bejenaru Alexandru Ionu\u021b este autor \u0219i coordonator editorial al publica\u021biei online DiagnozaBAM.ro, specializat\u0103 \u00een analiz\u0103 tehnic\u0103 auto, diagnoz\u0103 electronic\u0103 \u0219i tehnologii emergente din domeniul mobilit\u0103\u021bii \u0219i IT. Proiectul DiagnozaBAM.ro a fost creat din necesitatea de a oferi explica\u021bii clare, aplicate \u0219i u\u0219or de \u00een\u021beles pentru sisteme auto moderne \u0219i tehnologii\u2026","rel":"","context":"Articol similar","block_context":{"text":"Articol similar","link":""},"img":{"alt_text":"","src":"","width":0,"height":0},"classes":[]},{"id":854,"url":"https:\/\/diagnozabam.ro\/sfaturi\/ro\/politica-de-confidentialitate-2\/","url_meta":{"origin":25504,"position":2},"title":"POLITICA DE CONFIDENTIALITATE","author":"Bejenaru Alexandru Ionut","date":"25 iulie 2023","format":false,"excerpt":"Politica de Confiden\u021bialitate Aceast\u0103 politic\u0103 descrie modul \u00een care colect\u0103m, utiliz\u0103m \u0219i protej\u0103m datele dvs. cu caracter personal, precum \u0219i drepturile pe care le ave\u021bi \u00een conformitate cu Regulamentul (UE) 2016\/679 (GDPR) \u0219i Legea nr. 190\/2018 privind m\u0103suri de punere \u00een aplicare a Regulamentului. 1. Defini\u021bii Date cu caracter personal\u2026","rel":"","context":"Articol similar","block_context":{"text":"Articol similar","link":""},"img":{"alt_text":"","src":"","width":0,"height":0},"classes":[]},{"id":14510,"url":"https:\/\/diagnozabam.ro\/sfaturi\/ro\/coduri-eroare-auto-explicatii-obd2-pe-marci\/","url_meta":{"origin":25504,"position":3},"title":"Coduri eroare auto \u2013 Explica\u021bii OBD2 pe m\u0103rci","author":"Bejenaru Alexandru Ionut","date":"1 aprilie 2025","format":false,"excerpt":"Afl\u0103 semnifica\u021bia codurilor de eroare auto OBD2 pentru Opel, VW, Ford, Dacia, BMW \u0219i alte m\u0103rci. Ghid complet cu explica\u021bii \u0219i solu\u021bii pe categorii.","rel":"","context":"Articol similar","block_context":{"text":"Articol similar","link":""},"img":{"alt_text":"Coduri eroare auto \u2013 Explica\u021bii OBD2 pe m\u0103rci","src":"https:\/\/i0.wp.com\/diagnozabam.ro\/sfaturi\/wp-content\/uploads\/2025\/04\/Coduri-eroare-auto-%E2%80%93-Explicatii-OBD2-pe-marci.webp?resize=350%2C200&ssl=1","width":350,"height":200,"srcset":"https:\/\/i0.wp.com\/diagnozabam.ro\/sfaturi\/wp-content\/uploads\/2025\/04\/Coduri-eroare-auto-%E2%80%93-Explicatii-OBD2-pe-marci.webp?resize=350%2C200&ssl=1 1x, https:\/\/i0.wp.com\/diagnozabam.ro\/sfaturi\/wp-content\/uploads\/2025\/04\/Coduri-eroare-auto-%E2%80%93-Explicatii-OBD2-pe-marci.webp?resize=525%2C300&ssl=1 1.5x, https:\/\/i0.wp.com\/diagnozabam.ro\/sfaturi\/wp-content\/uploads\/2025\/04\/Coduri-eroare-auto-%E2%80%93-Explicatii-OBD2-pe-marci.webp?resize=700%2C400&ssl=1 2x"},"classes":[]},{"id":851,"url":"https:\/\/diagnozabam.ro\/sfaturi\/ro\/politica-de-confidentialitate\/","url_meta":{"origin":25504,"position":4},"title":"Politic\u0103 de confiden\u021bialitate","author":"Bejenaru Alexandru Ionut","date":"24 iulie 2023","format":false,"excerpt":"Cine suntem Adresa site-ului nostru web este: https:\/\/diagnozabam.ro\/sfaturi. Comentarii C\u00e2nd vizitatorii las\u0103 comentarii pe site, colect\u0103m datele ar\u0103tate \u00een formularele de comentarii, dar \u0219i adresa IP a vizitatorului \u0219i \u0219irul agen\u021bilor utilizator din navigator pentru a ne ajuta la detectarea spamului. Un \u0219ir f\u0103cut anonim (numit \u0219i un hash), creat\u2026","rel":"","context":"Articol similar","block_context":{"text":"Articol similar","link":""},"img":{"alt_text":"","src":"","width":0,"height":0},"classes":[]},{"id":38563,"url":"https:\/\/diagnozabam.ro\/sfaturi\/ro\/contact\/","url_meta":{"origin":25504,"position":5},"title":"Contact DiagnozaBAM.ro","author":"Bejenaru Alexandru Ionut","date":"10 februarie 2026","format":false,"excerpt":"For editorial inquiries, content corrections, feedback, or general communication, please use the contact details below. Editorial Contact Email: redactie@diagnozabam.ro Responsible Editor Bejenaru Alexandru-IonutEditorial Coordinator \u2013 DiagnozaBAM.ro Official Website https:\/\/diagnozabam.ro Optional Contact Form You may also use the contact form below to send your message directly to the editorial team. \u00a9\u2026","rel":"","context":"Articol similar","block_context":{"text":"Articol similar","link":""},"img":{"alt_text":"","src":"","width":0,"height":0},"classes":[]}],"jetpack_likes_enabled":true,"jetpack_shortlink":"https:\/\/wp.me\/Pf97go-6Dm","jetpack_sharing_enabled":true,"pll_sync_post":[],"_links":{"self":[{"href":"https:\/\/diagnozabam.ro\/sfaturi\/wp-json\/wp\/v2\/pages\/25504","targetHints":{"allow":["GET"]}}],"collection":[{"href":"https:\/\/diagnozabam.ro\/sfaturi\/wp-json\/wp\/v2\/pages"}],"about":[{"href":"https:\/\/diagnozabam.ro\/sfaturi\/wp-json\/wp\/v2\/types\/page"}],"author":[{"embeddable":true,"href":"https:\/\/diagnozabam.ro\/sfaturi\/wp-json\/wp\/v2\/users\/1"}],"replies":[{"embeddable":true,"href":"https:\/\/diagnozabam.ro\/sfaturi\/wp-json\/wp\/v2\/comments?post=25504"}],"version-history":[{"count":5,"href":"https:\/\/diagnozabam.ro\/sfaturi\/wp-json\/wp\/v2\/pages\/25504\/revisions"}],"predecessor-version":[{"id":38555,"href":"https:\/\/diagnozabam.ro\/sfaturi\/wp-json\/wp\/v2\/pages\/25504\/revisions\/38555"}],"wp:attachment":[{"href":"https:\/\/diagnozabam.ro\/sfaturi\/wp-json\/wp\/v2\/media?parent=25504"}],"curies":[{"name":"wp","href":"https:\/\/api.w.org\/{rel}","templated":true}]}}